ens digit of j?
2
Suppose 2*n + 373 = 397. Suppose -2*v + n*q = 13*q - 699, -3*q = 3*v - 1047. What is the units digit of v?
0
Let m(c) = 445*c + 1402. What is the ten thousands digit of m(29)?
1
Let v(p) = -13 + 19*p + 87*p - 18 + 5*p. What is the thousands digit of v(12)?
1
Let r = 72435 + -50043. What is the units digit of r?
2
Let c(i) = 150*i + 4403. What is the tens digit of c(-23)?
5
Let k(o) be the first derivative of 17*o**2/2 - 7*o - 6. Let v be k(1). What is the tens digit of ((-3152)/v)/8*(-1 - 4)?
9
Suppose 9 = 2*p - 2*j + 3*j, -4*j = -12. Let v(n) = 110*n + 16. What is the hundreds digit of v(p)?
3
Suppose -2*j + 1566 + 132 = a, 0 = 2*j + 4*a - 1710. Let x = j - -672. What is the thousands digit of x?
1
Let c(s) = 17*s**2 - 16*s + 14. Let u be c(4). Let d = u + -204. What is the tens digit of d?
1
Let f = 95294 + -50988. What is the thousands digit of f?
4
What is the tens digit of (90/315)/((4/179466)/(14/42))?
7
Suppose -30*v = -34*v + 284. Let u = v - -198. What is the units digit of u?
9
Let l(w) = -w**3 + w**2 + 4*w. Let a be l(3). Let t = a - -9. Suppose -5*d - 44 = -4*i - 6, 27 = t*i - 3*d. What is the units digit of i?
7
Suppose 74 = 4*a + 6*w - 4*w, -7 = -2*a + 5*w. Suppose a*v - 11*v = 1365. What is the units digit of v?
3
Let l = 871 - 177. Let c = 1189 - l. What is the units digit of c?
5
Let j be 4/14 - (-1521)/91. Let b(i) = -13 + j*i + i**3 + 11*i**2 - 16*i + i**2. What is the units digit of b(-11)?
7
Suppose 115 - 111 = n. Suppose 3*s + 88 - 263 = -n*i, 3*i = -s + 60. What is the tens digit of s?
5
Suppose 57*j = 375543 + 37707. What is the hundreds digit of j?
2
Suppose -s = -4*t + 23193, 4*s + 1 = -3. Suppose 22*p + t - 17172 = 0. What is the tens digit of p?
1
Suppose 5*d - 532 = -4*n + 3*d, 0 = 5*n + 5*d - 655. Suppose 5*o = n + 520. What is the units digit of o?
1
Let y = -39031 - -89326. What is the units digit of y?
5
Let c(f) = -692*f**3 + 13*f**2 + 12*f + 15. What is the hundreds digit of c(-4)?
4
Let q(o) = -315*o**3 - o**2 - o + 1. Let n be q(-1). Let k = -138 + n. What is the tens digit of k?
7
Let s be ((-11)/(-1))/(-1)*-1. Let m(y) = -7 + 5 + 20*y + 24*y**2 - 13*y**2 - 12*y**2 + 5. What is the hundreds digit of m(s)?
1
Let u = -551 - -549. Let n(k) = -180*k - 164. Let y(r) = -12*r - 11. Let h(o) = 6*n(o) - 88*y(o). What is the units digit of h(u)?
2
Let k = 14274 + -9142. What is the tens digit of k?
3
Let q = 516 + -462. What is the tens digit of (-2049)/(6/(9/(q/(-24))))?
6
Suppose 4*j - 2104 = -4*v, 5*v - 2631 = -10*j + 6*j. What is the units digit of v?
7
Let a be ((1 - -11)/3)/2. Suppose 750 - 750 = 11*s. Suppose s = m + 3, 3*d - a*m = -m + 264. What is the tens digit of d?
8
Let n(c) = -3*c + 28. Let x be n(12). What is the tens digit of (-4)/x + (-585)/4*-2?
9
Suppose 0 = 5*b + 4*r - 14, -5*b = 5*r - 0*r - 10. Let m be 550/(-3) + (-22)/b + 3. Let v = 274 + m. What is the units digit of v?
0
Let k(l) = l**2 + 11*l + 4. Let v be k(8). What is the hundreds digit of (-1272)/(-1) + 13/(v/60)?
2
What is the tens digit of (((-348)/(-54))/((-1)/(-6)))/(1/3)?
1
Let i(b) = 145*b**2 + 206*b + 1374. What is the tens digit of i(-7)?
3
Suppose -3*z = -4*t - 14, -12 = 4*z - 7*z + 3*t. Suppose -4*f = -z*r - r - 3283, 9 = 3*r. What is the tens digit of f?
2
What is the tens digit of (1/(-6) + (-678700)/300)*272/(-10)?
4
Let z(k) = 77*k + 65. Let i be z(10). Let t = 1433 - i. What is the hundreds digit of t?
5
Suppose -5*m + 5*s = -106775, 4*m + s = 67287 + 18098. What is the units digit of m?
8
Suppose -3*a - 895 = 2*b + 2*a, -5*a = 5*b + 2260. Let c(l) = 9*l**2 - 24*l + 8. Let r be c(10). Let v = r + b. What is the tens digit of v?
1
Suppose 0 = -2*l - 35 + 121. Suppose -22624 = -l*j + 15*j. What is the tens digit of j?
0
Let a = 77314 - 50697. What is the ten thousands digit of a?
2
Suppose 3*z = b + 15, -b - 4 = z - 9. Suppose 4*h - 102 = -3*q - 0*q, 2*h - 5*q - 38 = b. Suppose -h*l + 21 = -23*l. What is the units digit of l?
1
Let w(k) = 8*k + 84 + k - 36 + 4*k**2. What is the tens digit of w(-19)?
2
Let f(o) be the third derivative of -o**6/120 + 23*o**5/60 - 2*o**4/3 + 47*o**3/6 + o**2 + 15. What is the thousands digit of f(9)?
1
Let i(o) = -2*o**3 + 11*o**2 - 35*o - 102. What is the tens digit of i(-13)?
0
Let y = 24757 - 6697. What is the tens digit of y?
6
Let w(o) = 2*o**2 + 89*o + 4817. What is the thousands digit of w(-111)?
9
Let f(r) = r**3 - 15*r**2 + 14*r + 5. Let x be f(14). Suppose -5 = 3*u - 4*u - 5*l, 0 = u - x*l - 35. Let i = u - 18. What is the units digit of i?
2
Let v(p) = -7574*p + 1812. What is the ten thousands digit of v(-5)?
3
Let r(l) = -8*l**3 - l**2 + l + 1. Let i be r(-1). Let w be (i/21)/((-2)/(-12)). What is the units digit of -1 - w - (-9 + -12)?
8
Suppose 0 = -o - 0*o + 14. Let s = o - -5. What is the units digit of s?
9
What is the tens digit of 956/10*54870/372?
0
Let t(q) = -4*q**2 - 11*q - 60. Let v(w) = -w**2 - 4*w - 19. Let l(a) = -4*t(a) + 11*v(a). What is the tens digit of l(6)?
1
Suppose 7*b + 13*b - 680 = 0. What is the tens digit of (-1 - 26*-8) + -37 + b?
0
Suppose -3*p - 44844 - 65300 = -7*d, -4*p - 47210 = -3*d. What is the units digit of d?
4
Let r = 34659 + 26772. What is the hundreds digit of r?
4
Let p be (5/1)/(1/(-7)*1). Let k be (-714)/(-85)*p/(-2). Suppose 8*b = 5*b + k. What is the units digit of b?
9
Let x = 1790 + -1226. What is the tens digit of x/(-1)*(-7 + 42/7)?
6
What is the thousands digit of (-13)/(624/640)*4632/(-10)?
6
Let p(j) = -j**3 - 18*j**2 - j - 13. Let g(w) = -w - 38. Let k be g(-20). Let i be p(k). Let q = 6 + i. What is the units digit of q?
1
Let r = -11525 + 23427. What is the ten thousands digit of r?
1
Let p(w) = 3028*w**2 - 26*w + 14. What is the units digit of p(-2)?
8
Let a = -72 + 74. Let p be (-7)/14 + 9/a. What is the hundreds digit of p + (223 - 4 - -3)?
2
Let s = 25912 - 3921. What is the thousands digit of s?
1
Suppose 0*y - y = 13805 - 34234. What is the tens digit of y?
2
Suppose 9*n - 472 = 725. Let j = n + -60. What is the units digit of j?
3
Let x = 126514 - 31146. What is the thousands digit of x?
5
Let c(x) = -2*x - 7. Let s be c(-5). Suppose -145*f + 800 = -225*f. What is the hundreds digit of (315/f + s)*-6*1?
1
Suppose 0 = -4*a - 0*a + 360. Let o = -95 + a. What is the hundreds digit of (0/(-2) - (-6 - o)) + 139?
1
Let t(w) = -25*w**2 + 16*w - 56. Let p(f) = -25*f**2 + 17*f - 55. Let i(k) = 4*p(k) - 5*t(k). What is the units digit of i(6)?
8
Let j(l) = 34*l**2 + 709. What is the hundreds digit of j(-21)?
7
Let l = 851 - -755. What is the hundreds digit of l?
6
Let i(n) = -45*n + 817. Let b be i(18). Suppose 0 = v - 3 - 2. Suppose -3*r + 137 = -b*w + 6*w, 4*r + v*w = 208. What is the units digit of r?
7
Let r be 36/(-84)*-7*(-34)/(-6). Let u(d) = 37*d - 74. What is the tens digit of u(r)?
5
Suppose -3*u + 5 = -4*q - 7, -u = -q - 4. What is the tens digit of 199 + -5 + 0 + u + -5?
9
What is the units digit of (-7009)/86*(6 + -233 + 5)?
3
Suppose 2264 = 25*k - 17*k. Let p = k + 494. What is the hundreds digit of p?
7
Let a(f) = -2*f - 31. Let d be a(-17). Let c(s) = -9 + 0*s - s**2 + 22*s**d - 7*s**2 - 19*s**3 + 8*s. What is the hundreds digit of c(5)?
2
Let m(p) = 3*p**2 - 1 - 14*p**2 + 12*p**2. What is the units digit of m(-3)?
8
Let r be (-15 + 0)/(3 - (-200)/(-66)). Let s = r + 55. What is the hundreds digit of s?
5
Let h be 2 - (-4 - (4 + -8)). Suppose -n + h*v + 18 = 3*n, -4*n - 5*v = -11. Suppose -10*m + n*m = -18. What is the units digit of m?
3
Suppose -2196 = 22*g - 4*g. What is the units digit of 51/(-85) - -76*g/(-20)?
3
Let g be 7/(21/18) - 0/(-7). Suppose g*m - 2780 - 274 = 0. What is the tens digit of m?
0
Suppose -5*o + 13340 = -8510. Suppose o = -5*p + 4*m, -4*p - m = 2079 + 1396. What is the units digit of ((-6)/3)/(10/p)?
4
Let c(f) be the first derivative of f**3/3 - 4*f**2 + 5*f - 83. What is the units digit of c(9)?
4
Suppose 0 = 19*n - 18*n - 3290. Suppose -3*a - 7*a = -n. What is the tens digit of a?
2
Let s(h) = -h**2 - 113*h + 15. Let a be s(-24). Suppose -4*u + 1389 = -a. What is the units digit of u?
5
Let m = 5401 - -7609. What is the hundreds digit of m?
0
Let d(r) = -47*r - 238. Let o(g) = 2*g - 14. Let c be o(2). What is the tens digit of d(c)?
3
What is the tens digit of (-1